 1100.
100
Calculate the greatest common divisor of 40 and 600.
40
Calculate the highest common divisor of 114 and 11438.
38
Calculate the highest common divisor of 24 and 24.
24
Calculate the greatest common factor of 2548 and 52.
52
Calculate the greatest common factor of 101 and 1.
1
What is the greatest common factor of 432 and 135?
27
What is the highest common divisor of 2 and 862?
2
Calculate the greatest common divisor of 15 and 213.
3
What is the highest common divisor of 260 and 117?
13
Calculate the highest common divisor of 56 and 49.
7
Calculate the highest common factor of 40 and 30.
10
What is the highest common divisor of 8 and 256?
8
Calculate the greatest common factor of 325 and 50.
25
Calculate the greatest common divisor of 9 and 8847.
9
Calculate the greatest common divisor of 442 and 52.
26
Calculate the greatest common divisor of 464 and 203.
29
What is the highest common factor of 318 and 3922?
106
Calculate the highest common factor of 73 and 1679.
73
What is the highest common factor of 2 and 58?
2
Calculate the greatest common divisor of 5428 and 92.
92
Calculate the highest common factor of 204 and 357.
51
What is the greatest common factor of 9 and 117?
9
What is the greatest common divisor of 2280 and 90?
30
What is the greatest common factor of 26 and 143?
13
What is the greatest common factor of 6567 and 77?
11
What is the greatest common factor of 1968 and 48?
48
Calculate the highest common divisor of 37300 and 200.
100
Calculate the greatest common divisor of 24 and 96.
24
Calculate the highest common factor of 42 and 525.
21
Calculate the highest common factor of 2 and 248.
2
What is the greatest common factor of 18 and 1179?
9
What is the greatest common divisor of 2314 and 52?
26
What is the highest common divisor of 400 and 1250?
50
Calculate the greatest common factor of 506 and 88.
22
What is the highest common factor of 1140 and 2?
2
What is the greatest common factor of 6004 and 57?
19
Calculate the greatest common factor of 16 and 656.
16
What is the greatest common factor of 6 and 27?
3
Calculate the highest common factor of 28 and 32.
4
Calculate the highest common divisor of 74 and 185.
37
What is the greatest common divisor of 9 and 261?
9
What is the greatest common factor of 240 and 18?
6
Calculate the highest common factor of 8 and 6192.
8
What is the greatest common divisor of 120 and 1000?
40
Calculate the greatest common factor of 10 and 23410.
10
What is the greatest common factor of 165 and 121?
11
What is the highest common factor of 308 and 56?
28
What is the greatest common factor of 791 and 1017?
113
What is the highest common factor of 935 and 55?
55
Calculate the highest common divisor of 12324 and 234.
78
What is the highest common divisor of 784 and 80?
16
What is the greatest common divisor of 77 and 7?
7
What is the greatest common factor of 6 and 21?
3
What is the greatest common divisor of 6725 and 25?
25
What is the greatest common factor of 37 and 148?
37
What is the greatest common factor of 425 and 272?
17
Calculate the highest common factor of 20 and 35.
5
Calculate the highest common divisor of 800 and 96.
32
Calculate the greatest common factor of 1421 and 87.
29
What is the greatest common factor of 2697 and 1767?
93
What is the highest common divisor of 11950 and 5?
5
Calculate the greatest common factor of 48 and 35664.
48
Calculate the highest common divisor of 10682 and 218.
218
Calculate the highest common factor of 10 and 290.
10
Calculate the highest common factor of 10064 and 740.
148
What is the greatest common divisor of 204 and 9588?
204
Calculate the greatest common factor of 6 and 2023.
1
What is the highest common factor of 10 and 8665?
5
What is the greatest common divisor of 319 and 30624?
319
Calculate the greatest common divisor of 12 and 556.
4
What is the greatest common factor of 288 and 108?
36
Calculate the highest common factor of 16077 and 69.
69
What is the highest common factor of 14499 and 27?
27
What is the greatest common divisor of 229 and 42823?
229
What is the greatest common divisor of 62 and 310?
62
What is the greatest common factor of 29688 and 24?
24
What is the greatest common divisor of 28 and 49?
7
Calculate the highest common factor of 754 and 1682.
58
Calculate the greatest common factor of 66 and 18.
6
What is the highest common divisor of 1833 and 39?
39
Calculate the greatest common factor of 55 and 1122.
11
Calculate the highest common divisor of 15 and 135.
15
Calculate the greatest common divisor of 93 and 18.
3
What is the highest common divisor of 595 and 385?
35
What is the greatest common factor of 767 and 59?
59
Calculate the greatest common divisor of 18317 and 13.
13
Calculate the greatest common divisor of 14 and 602.
14
What is the highest common factor of 99 and 36?
9
Calculate the greatest common divisor of 7592 and 26.
26
What is the greatest common factor of 4452 and 53?
53
Calculate the greatest common divisor of 594 and 36.
18
Calculate the highest common factor of 7348 and 1169.
167
Calculate the highest common divisor of 40 and 8.
8
Calculate the highest common divisor of 361 and 38.
19
What is the greatest common divisor of 56 and 224?
56
What is the highest common divisor of 11 and 352?
11
What is the greatest common divisor of 255 and 1955?
85
Calculate the greatest common divisor of 374 and 5661.
17
Calculate the greatest common divisor of 95 and 361.
19
Calculate the highest common factor of 756 and 204.
12
Calculate the greatest common factor of 8 and 664.
8
Calculate the highest common divisor of 12707 and 262.
131
What is the highest common divisor of 11073 and 3?
3
What is the highest common factor of 70 and 26?
2
Calculate the greatest common factor of 810 and 30.
30
What is the highest common factor of 7568 and 48?
16
What is the greatest common factor of 188 and 329?
47
What is the highest common factor of 55 and 180?
5
What is the highest common divisor of 7 and 217?
7
What is the greatest common factor of 6384 and 114?
114
Calculate the highest common factor of 120 and 192.
24
Calculate the greatest common divisor of 611 and 141.
47
What is the highest common factor of 55 and 165?
55
What is the greatest common factor of 17963 and 142?
71
Calculate the highest common factor of 473 and 77.
11
What is the highest common divisor of 161 and 345?
23
Calculate the greatest common divisor of 108 and 810.
54
Calculate the highest common divisor of 94 and 56494.
94
Calculate the highest common factor of 1513 and 712.
89
What is the greatest common factor of 69 and 621?
69
What is the greatest common divisor of 437 and 368?
23
Calculate the greatest common factor of 6156 and 135.
27
Calculate the greatest common factor of 81 and 4131.
81
Calculate the greatest common divisor of 140 and 105.
35
Calculate the highest common factor of 318 and 371.
53
What is the highest common divisor of 1375 and 440?
55
What is the greatest common factor of 32768 and 256?
256
Calculate the highest common divisor of 12 and 1500.
12
What is the greatest common divisor of 6 and 3072?
6
Calculate the greatest common factor of 835 and 3173.
167
Calculate the greatest common divisor of 195 and 455.
65
What is the greatest common divisor of 100 and 350?
50
What is the greatest common factor of 64 and 392?
8
Calculate the highest common factor of 680 and 125.
5
Calculate the highest common factor of 5085 and 345.
15
What is the greatest common factor of 392 and 504?
56
What is the greatest common factor of 18 and 2439?
9
What is the highest common divisor of 8 and 44?
4
Calculate the greatest common divisor of 75 and 285.
15
Calculate the highest common factor of 3 and 24.
3
Calculate the highest common divisor of 73 and 584.
73
What is the greatest common divisor of 156 and 84?
12
Calculate the greatest common divisor of 4120 and 15.
5
Calculate the highest common factor of 119 and 41769.
119
Calculate the highest common factor of 103 and 2575.
103
Calculate the highest common factor of 736 and 69.
23
What is the highest common divisor of 352 and 64?
32
What is the greatest common divisor of 248 and 8?
8
Calculate the highest common divisor of 69 and 483.
69
What is the greatest common factor of 279 and 62?
31
What is t